{"id":9169,"date":"2019-01-02T15:13:14","date_gmt":"2019-01-02T14:13:14","guid":{"rendered":"https:\/\/www.velinac.hr\/shop\/?post_type=product&#038;p=9169"},"modified":"2024-03-11T14:53:27","modified_gmt":"2024-03-11T13:53:27","slug":"prednja-ploca-radni-stol-infinity-operative-executive","status":"publish","type":"product","link":"https:\/\/www.velinac.hr\/shop\/proizvodi\/prednja-ploca-radni-stol-infinity-operative-executive\/","title":{"rendered":"Prednja plo\u010da za radni stol Infinity Operative \/ Executive"},"content":{"rendered":"<p>Prednja plo\u010da kao za\u0161tita od pogleda \u0161irine 32 cm, du\u017eine po izboru prilago\u0111eno du\u017eini radnog stola na koji se montira, izra\u0111ena od iverala debljine 18 mm. Rubovi kantirani ABS rubnom trakom.<\/p>\n","protected":false},"excerpt":{"rendered":"<p>Prednja plo\u010da kao za\u0161tita od pogleda \u0161irine 32 cm, du\u017eine po izboru prilago\u0111eno du\u017eini radnog stola na koji se montira, izra\u0111ena od iverala debljine 18 mm. Rubovi kantirani ABS rubnom trakom.<\/p>\n","protected":false},"featured_media":9180,"comment_status":"open","ping_status":"closed","template":"","meta":{"_acf_changed":false},"acf":[],"yoast_head":"<!-- This site is optimized with the Yoast SEO plugin v22.8 - https:\/\/yoast.com\/wordpress\/plugins\/seo\/ -->\n<title>Prednja plo\u010da za radni stol Infinity Operative \/ Executive - Velinac webshop<\/title>\n<meta name=\"robots\" content=\"index, follow, max-snippet:-1, max-image-preview:large, max-video-preview:-1\" \/>\n<link rel=\"canonical\" href=\"https:\/\/www.velinac.hr\/shop\/proizvodi\/prednja-ploca-radni-stol-infinity-operative-executive\/\" \/>\n<meta property=\"og:locale\" content=\"en_US\" \/>\n<meta property=\"og:type\" content=\"article\" \/>\n<meta property=\"og:title\" content=\"Prednja plo\u010da za radni stol Infinity Operative \/ Executive - Velinac webshop\" \/>\n<meta property=\"og:description\" content=\"Prednja plo\u010da kao za\u0161tita od pogleda \u0161irine 32 cm, du\u017eine po izboru prilago\u0111eno du\u017eini radnog stola na koji se montira, izra\u0111ena od iverala debljine 18 mm. Rubovi kantirani ABS rubnom trakom.\" \/>\n<meta property=\"og:url\" content=\"https:\/\/www.velinac.hr\/shop\/proizvodi\/prednja-ploca-radni-stol-infinity-operative-executive\/\" \/>\n<meta property=\"og:site_name\" content=\"Velinac webshop\" \/>\n<meta property=\"article:modified_time\" content=\"2024-03-11T13:53:27+00:00\" \/>\n<meta property=\"og:image\" content=\"https:\/\/www.velinac.hr\/shop\/wp-content\/uploads\/2019\/01\/51124_javor-0000.png\" \/>\n\t<meta property=\"og:image:width\" content=\"1000\" \/>\n\t<meta property=\"og:image:height\" content=\"1000\" \/>\n\t<meta property=\"og:image:type\" content=\"image\/png\" \/>\n<meta name=\"twitter:card\" content=\"summary_large_image\" \/>\n<script type=\"application\/ld+json\" class=\"yoast-schema-graph\">{\"@context\":\"https:\/\/schema.org\",\"@graph\":[{\"@type\":\"WebPage\",\"@id\":\"https:\/\/www.velinac.hr\/shop\/proizvodi\/prednja-ploca-radni-stol-infinity-operative-executive\/\",\"url\":\"https:\/\/www.velinac.hr\/shop\/proizvodi\/prednja-ploca-radni-stol-infinity-operative-executive\/\",\"name\":\"Prednja plo\u010da za radni stol Infinity Operative \/ Executive - Velinac webshop\",\"isPartOf\":{\"@id\":\"https:\/\/www.velinac.hr\/shop\/#website\"},\"primaryImageOfPage\":{\"@id\":\"https:\/\/www.velinac.hr\/shop\/proizvodi\/prednja-ploca-radni-stol-infinity-operative-executive\/#primaryimage\"},\"image\":{\"@id\":\"https:\/\/www.velinac.hr\/shop\/proizvodi\/prednja-ploca-radni-stol-infinity-operative-executive\/#primaryimage\"},\"thumbnailUrl\":\"https:\/\/www.velinac.hr\/shop\/wp-content\/uploads\/2019\/01\/51124_javor-0000.png\",\"datePublished\":\"2019-01-02T14:13:14+00:00\",\"dateModified\":\"2024-03-11T13:53:27+00:00\",\"breadcrumb\":{\"@id\":\"https:\/\/www.velinac.hr\/shop\/proizvodi\/prednja-ploca-radni-stol-infinity-operative-executive\/#breadcrumb\"},\"inLanguage\":\"en-US\",\"potentialAction\":[{\"@type\":\"ReadAction\",\"target\":[\"https:\/\/www.velinac.hr\/shop\/proizvodi\/prednja-ploca-radni-stol-infinity-operative-executive\/\"]}]},{\"@type\":\"ImageObject\",\"inLanguage\":\"en-US\",\"@id\":\"https:\/\/www.velinac.hr\/shop\/proizvodi\/prednja-ploca-radni-stol-infinity-operative-executive\/#primaryimage\",\"url\":\"https:\/\/www.velinac.hr\/shop\/wp-content\/uploads\/2019\/01\/51124_javor-0000.png\",\"contentUrl\":\"https:\/\/www.velinac.hr\/shop\/wp-content\/uploads\/2019\/01\/51124_javor-0000.png\",\"width\":1000,\"height\":1000},{\"@type\":\"BreadcrumbList\",\"@id\":\"https:\/\/www.velinac.hr\/shop\/proizvodi\/prednja-ploca-radni-stol-infinity-operative-executive\/#breadcrumb\",\"itemListElement\":[{\"@type\":\"ListItem\",\"position\":1,\"name\":\"Po\u010detna stranica\",\"item\":\"https:\/\/www.velinac.hr\/shop\/\"},{\"@type\":\"ListItem\",\"position\":2,\"name\":\"Proizvodi\",\"item\":\"https:\/\/www.velinac.hr\/shop\/proizvodi\/\"},{\"@type\":\"ListItem\",\"position\":3,\"name\":\"Stolovi\",\"item\":\"https:\/\/www.velinac.hr\/shop\/kategorija-proizvoda\/stolovi\/\"},{\"@type\":\"ListItem\",\"position\":4,\"name\":\"Dodaci za stolove\",\"item\":\"https:\/\/www.velinac.hr\/shop\/kategorija-proizvoda\/stolovi\/dodaci-za-stolove\/\"},{\"@type\":\"ListItem\",\"position\":5,\"name\":\"Prednja plo\u010da za radni stol Infinity Operative \/ Executive\"}]},{\"@type\":\"WebSite\",\"@id\":\"https:\/\/www.velinac.hr\/shop\/#website\",\"url\":\"https:\/\/www.velinac.hr\/shop\/\",\"name\":\"Velinac webshop\",\"description\":\"ured za Va\u0161 presti\u017e\",\"potentialAction\":[{\"@type\":\"SearchAction\",\"target\":{\"@type\":\"EntryPoint\",\"urlTemplate\":\"https:\/\/www.velinac.hr\/shop\/?s={search_term_string}\"},\"query-input\":\"required name=search_term_string\"}],\"inLanguage\":\"en-US\"}]}<\/script>\n<!-- \/ Yoast SEO plugin. -->","yoast_head_json":{"title":"Prednja plo\u010da za radni stol Infinity Operative \/ Executive - Velinac webshop","robots":{"index":"index","follow":"follow","max-snippet":"max-snippet:-1","max-image-preview":"max-image-preview:large","max-video-preview":"max-video-preview:-1"},"canonical":"https:\/\/www.velinac.hr\/shop\/proizvodi\/prednja-ploca-radni-stol-infinity-operative-executive\/","og_locale":"en_US","og_type":"article","og_title":"Prednja plo\u010da za radni stol Infinity Operative \/ Executive - Velinac webshop","og_description":"Prednja plo\u010da kao za\u0161tita od pogleda \u0161irine 32 cm, du\u017eine po izboru prilago\u0111eno du\u017eini radnog stola na koji se montira, izra\u0111ena od iverala debljine 18 mm. Rubovi kantirani ABS rubnom trakom.","og_url":"https:\/\/www.velinac.hr\/shop\/proizvodi\/prednja-ploca-radni-stol-infinity-operative-executive\/","og_site_name":"Velinac webshop","article_modified_time":"2024-03-11T13:53:27+00:00","og_image":[{"width":1000,"height":1000,"url":"https:\/\/www.velinac.hr\/shop\/wp-content\/uploads\/2019\/01\/51124_javor-0000.png","type":"image\/png"}],"twitter_card":"summary_large_image","schema":{"@context":"https:\/\/schema.org","@graph":[{"@type":"WebPage","@id":"https:\/\/www.velinac.hr\/shop\/proizvodi\/prednja-ploca-radni-stol-infinity-operative-executive\/","url":"https:\/\/www.velinac.hr\/shop\/proizvodi\/prednja-ploca-radni-stol-infinity-operative-executive\/","name":"Prednja plo\u010da za radni stol Infinity Operative \/ Executive - Velinac webshop","isPartOf":{"@id":"https:\/\/www.velinac.hr\/shop\/#website"},"primaryImageOfPage":{"@id":"https:\/\/www.velinac.hr\/shop\/proizvodi\/prednja-ploca-radni-stol-infinity-operative-executive\/#primaryimage"},"image":{"@id":"https:\/\/www.velinac.hr\/shop\/proizvodi\/prednja-ploca-radni-stol-infinity-operative-executive\/#primaryimage"},"thumbnailUrl":"https:\/\/www.velinac.hr\/shop\/wp-content\/uploads\/2019\/01\/51124_javor-0000.png","datePublished":"2019-01-02T14:13:14+00:00","dateModified":"2024-03-11T13:53:27+00:00","breadcrumb":{"@id":"https:\/\/www.velinac.hr\/shop\/proizvodi\/prednja-ploca-radni-stol-infinity-operative-executive\/#breadcrumb"},"inLanguage":"en-US","potentialAction":[{"@type":"ReadAction","target":["https:\/\/www.velinac.hr\/shop\/proizvodi\/prednja-ploca-radni-stol-infinity-operative-executive\/"]}]},{"@type":"ImageObject","inLanguage":"en-US","@id":"https:\/\/www.velinac.hr\/shop\/proizvodi\/prednja-ploca-radni-stol-infinity-operative-executive\/#primaryimage","url":"https:\/\/www.velinac.hr\/shop\/wp-content\/uploads\/2019\/01\/51124_javor-0000.png","contentUrl":"https:\/\/www.velinac.hr\/shop\/wp-content\/uploads\/2019\/01\/51124_javor-0000.png","width":1000,"height":1000},{"@type":"BreadcrumbList","@id":"https:\/\/www.velinac.hr\/shop\/proizvodi\/prednja-ploca-radni-stol-infinity-operative-executive\/#breadcrumb","itemListElement":[{"@type":"ListItem","position":1,"name":"Po\u010detna stranica","item":"https:\/\/www.velinac.hr\/shop\/"},{"@type":"ListItem","position":2,"name":"Proizvodi","item":"https:\/\/www.velinac.hr\/shop\/proizvodi\/"},{"@type":"ListItem","position":3,"name":"Stolovi","item":"https:\/\/www.velinac.hr\/shop\/kategorija-proizvoda\/stolovi\/"},{"@type":"ListItem","position":4,"name":"Dodaci za stolove","item":"https:\/\/www.velinac.hr\/shop\/kategorija-proizvoda\/stolovi\/dodaci-za-stolove\/"},{"@type":"ListItem","position":5,"name":"Prednja plo\u010da za radni stol Infinity Operative \/ Executive"}]},{"@type":"WebSite","@id":"https:\/\/www.velinac.hr\/shop\/#website","url":"https:\/\/www.velinac.hr\/shop\/","name":"Velinac webshop","description":"ured za Va\u0161 presti\u017e","potentialAction":[{"@type":"SearchAction","target":{"@type":"EntryPoint","urlTemplate":"https:\/\/www.velinac.hr\/shop\/?s={search_term_string}"},"query-input":"required name=search_term_string"}],"inLanguage":"en-US"}]}},"_links":{"self":[{"href":"https:\/\/www.velinac.hr\/shop\/wp-json\/wp\/v2\/product\/9169"}],"collection":[{"href":"https:\/\/www.velinac.hr\/shop\/wp-json\/wp\/v2\/product"}],"about":[{"href":"https:\/\/www.velinac.hr\/shop\/wp-json\/wp\/v2\/types\/product"}],"replies":[{"embeddable":true,"href":"https:\/\/www.velinac.hr\/shop\/wp-json\/wp\/v2\/comments?post=9169"}],"wp:featuredmedia":[{"embeddable":true,"href":"https:\/\/www.velinac.hr\/shop\/wp-json\/wp\/v2\/media\/9180"}],"wp:attachment":[{"href":"https:\/\/www.velinac.hr\/shop\/wp-json\/wp\/v2\/media?parent=9169"}],"curies":[{"name":"wp","href":"https:\/\/api.w.org\/{rel}","templated":true}]}}